he units digit of (-7 - -6)*c/(-2)?
0
Let t be -2 - -1*(2 + 0). What is the units digit of (-2 - t) + (1 - -2)?
1
Let g(o) = -o**2 + 13*o + 24. What is the tens digit of g(10)?
5
Suppose -3*m - 8 = -7*m. Suppose 0*p - m = -p. What is the units digit of p?
2
Let y = -43 + 85. Suppose -3*z = -0 - y. What is the units digit of z?
4
Let v(u) = u**2 - 4*u - 5. Let b be v(6). Suppose -2*l + b*l = -40. Let o(f) = f**2 + 5*f - 9. What is the units digit of o(l)?
5
Let i be 8/28 + (-6)/21. Suppose -100 = -5*m - i*m. What is the tens digit of m?
2
Let o = 6 - 3. Suppose -2*j + 35 = o*j. What is the units digit of j?
7
Let a(k) = k - 5. Let v be a(3). Let i(s) = 11*s**2 + 2*s - 1. What is the units digit of i(v)?
9
Suppose 15*h - 1764 = 9*h. What is the units digit of h?
4
Let p = 6 - -5. Let g = -5 + 7. What is the tens digit of p + g + 1 + -2?
1
Let p(l) = 21*l. Let y be p(1). Suppose 2 + 0 = n. Suppose -n*q - q = -y. What is the units digit of q?
7
Let b = 62 - 11. What is the tens digit of b?
5
Suppose -4*g = -4*b - 16, 2*g - 6*g + b = -4. Suppose -4*v + 61 + 39 = g. What is the tens digit of v?
2
Let h(a) = 2*a**2 + 5*a + 7. What is the units digit of h(-5)?
2
Let r be 0/(-4) + 3 + 0. Suppose 9 + 15 = r*a. What is the units digit of a?
8
Let f(s) be the second derivative of -s**4/12 - s**3 + 3*s. Let w be f(-5). Let k = w - 3. What is the units digit of k?
2
Let u(q) = -q**3 - 2*q**2 + q - 1. Let y be u(-5). Let p = -41 + y. What is the tens digit of p?
2
Let n(u) = u + 4. What is the units digit of n(6)?
0
Let i(o) = o**3 + 9*o**2 + 7*o - 4. Let k be i(-8). Suppose k*q = 24 + 16. What is the units digit of q?
0
Let y = -55 + 93. Suppose -3*x = 2*u - y, -3*u - u - 56 = -5*x. Let f(p) = -p**3 + 12*p**2 + 2*p - 3. What is the units digit of f(x)?
1
Let g = 25 + -13. What is the units digit of g?
2
Let a(l) = 14*l**2. What is the units digit of a(1)?
4
What is the tens digit of (-4)/(-28) + (-244)/(-7)?
3
Suppose 2*m - 61 = m. What is the tens digit of m?
6
Let n(a) = a**3 + 11*a**2 + 8*a - 11. Let y be n(-10). Let g(p) = p**3 - 8*p**2 - 10*p + 11. What is the units digit of g(y)?
2
Suppose -4*z + 0 = 3*q - 39, -4*q + 4 = 0. What is the tens digit of 210/z - 2/6?
2
Let t be (-8 + 4)*1/(-4). What is the units digit of (0 - 0/3) + t?
1
Let f(b) = b**3 + 5*b**2 + 2*b - 5. What is the units digit of f(-4)?
3
Let g(c) = 114*c**3 + 2*c - 1. What is the hundreds digit of g(1)?
1
Suppose 0 = 2*b + 2*b. Suppose -27 = 6*h - 9*h + 4*n, -5*h + 4*n + 37 = b. What is the units digit of h?
5
Suppose -7*i = -638 - 650. What is the tens digit of i?
8
Let l = 13 + -9. What is the units digit of (4/l)/((-1)/(-5))?
5
Let v(l) = -l**3 + 9*l**2 - 2*l + 4. Let a be v(9). What is the units digit of (-4)/(-14) + (-10)/a?
1
Let t(p) = 7*p + 6 + 0*p**2 + 3 + p**2. Let k be t(-6). Let h = k - -1. What is the units digit of h?
4
Suppose -y + 32 = y. What is the tens digit of y?
1
Let b = 8 - 11. Let o = -4 + 6. Let s = o - b. What is the units digit of s?
5
Let h be (-4)/3*(-60)/(-8). Let p = 21 + h. What is the tens digit of p?
1
Suppose 0 = 2*h - h + 18. What is the tens digit of 9/h + (-86)/(-4)?
2
Let z(r) = r**3 - 9*r**2 + 10*r - 11. Let w be z(8). Suppose 42 = w*o - 2*o. What is the units digit of o?
4
Let a be (-382)/18 + (-8)/(-36). Let w = -15 - a. What is the units digit of w?
6
Suppose 3*t = 5*t. Let m = -12 + 15. Suppose -5*b - l = -45, t*b + m*b - 3*l - 27 = 0. What is the units digit of b?
9
Suppose -3*z = z - 48. Let v = -1 + z. What is the units digit of v?
1
Suppose 9*s + 24 = 12*s. What is the units digit of s?
8
Suppose 4*q - 11 = 9. Suppose q*c - 17 = 3. What is the units digit of c?
4
Suppose -5*u = -0*y + 5*y - 55, -5*u = -3*y - 15. Suppose -u = -5*s + 9. Suppose -5 + 2 = -s*v. What is the units digit of v?
1
Let a(w) = 7*w - 7. Let x be a(8). What is the tens digit of 14/x - 75/(-7)?
1
Let g = -9 - -14. Let w(b) = -b + 6. Let r be w(0). Suppose -r = -g*c - 1. What is the units digit of c?
1
Let k(s) = 124*s**2. What is the units digit of k(1)?
4
Let y(n) = -n - 2. Let m be y(0). Let f(p) = -p**2 - 4*p - 2. Let d be f(m). What is the units digit of (2 + -1)/(d/4)?
2
Suppose -7*b + 240 = -2*b. Let v be b/(-27) - 2/9. What is the units digit of (-2)/((-3)/(8 + v))?
4
Suppose 0 = -8*l + 311 + 113. What is the units digit of l?
3
Let p = 7 - -1. Let a(i) = 2*i - 1. What is the units digit of a(p)?
5
Let t = -13 + 24. Suppose 2*d = -3*g + 23, -3*g = -7*d + 2*d - 16. Suppose g = 3*a - t. What is the units digit of a?
6
Suppose -1 = 3*s - 16. What is the units digit of s?
5
Let x(v) = v**2 + 1. Let p be x(1). Suppose 0*l = p*i - 2*l - 20, 3*l + 19 = 2*i. What is the tens digit of i?
1
Let x(b) = -b + 6. Let a be x(-3). Let s(n) = n**2 - 6*n - 2. What is the tens digit of s(a)?
2
Let x be (-2)/(-6) - 352/12. Let z = -18 - x. What is the units digit of z?
1
Let v(i) = i + 9. Let r be v(-4). Suppose 9 + 6 = r*x. What is the units digit of x?
3
Suppose -223 - 582 = -7*w. What is the tens digit of w?
1
Let k = 18 + -14. Suppose -3*c = -5*j - 48, -12 = -0*j - k*j. What is the units digit of c?
1
Let r = 12 + -18. Let a be 7/(-2*3/r). What is the units digit of (a/1)/(-1 + 2)?
7
Let q = -3 + 4. Suppose 2*a = -5*u + 4*a + q, 2*a + 10 = -4*u. What is the units digit of (0 - u)/(1 - 0)?
1
Let j(s) = s**2 + 4*s - 6. What is the tens digit of j(4)?
2
Let a(j) = -38*j**3 + j + 1. What is the tens digit of a(-1)?
3
Let s(y) = -y**2 - y. Let z(u) = 4*u**2 - 4*u + 3. Let d(q) = -3*s(q) - z(q). What is the units digit of d(5)?
7
Suppose 315 = 5*o + 165. What is the units digit of o?
0
Suppose 4*q = 9 + 3. Suppose -d - 5*s - 6 = -5*d, 5*s + 2 = q*d. Suppose d + 1 = i. What is the units digit of i?
5
Let x(a) = 8*a - 6. What is the tens digit of x(3)?
1
What is the units digit of (-4)/10 + 44/10?
4
What is the units digit of (-4)/(-8)*(-14)/(-1)?
7
What is the units digit of 1/(0 + (-1)/(-8))?
8
Let a = 0 - -34. Let d = a - 22. Suppose 0*u - 2*u + d = 0. What is the units digit of u?
6
Let h(y) = 18*y**2 - y - 1. What is the tens digit of h(-1)?
1
Let o(u) = -u**3 + 13*u**2 - 9*u - 11. What is the tens digit of o(11)?
3
Let w(q) = -q**3 + 7*q**2 - 6*q - 1. Let h be w(6). Let r = -3 + h. Let l(n) = -2*n - 3. What is the units digit of l(r)?
5
Suppose -3*k + 134 = 5*h, 3*k - 20 = -h - k. Suppose -4*j = -3*j - h. What is the tens digit of j?
2
Suppose 10 = 4*g - 2. Suppose -g*d + 3*h + 0*h = -12, 0 = d + 4*h - 29. What is the units digit of d?
9
Let u(o) = 7*o - 22. What is the tens digit of u(26)?
6
Let j = 6 - 8. Let x(u) = u**3 + 5*u**2 + 4*u + 2. What is the units digit of x(j)?
6
Let k(m) = -m**3 - 7*m**2 + 8*m + 11. Let h be k(-8). Suppose -10*x - 19 = -h*x. What is the tens digit of x?
1
Let l be 76/(-6)*15/(-10). Let v = l + -11. Suppose -v - 8 = -s. What is the units digit of s?
6
Let a(i) be the second derivative of -i**4/12 + 4*i**3/3 + 4*i**2 - 2*i. What is the tens digit of a(7)?
1
Suppose 5*x + 23 = k - 4*k, -4*k + 4*x = 84. Let f = 19 + 8. Let i = k + f. What is the units digit of i?
1
Let g(t) = t**3 + 4*t**2 - 6*t - 1. Let h be g(-5). Suppose h*y - 20 = 2*y. What is the tens digit of y?
1
Let k be (6/(-10))/((-3)/15). Suppose -k*p + p + 8 = 0. Suppose d + 39 = 3*b - 3*d, -p*d - 12 = 0. What is the units digit of b?
9
Let v(p) = p**2 - p + 8. What is the units digit of v(6)?
8
Let a = 67 - 42. Suppose -a = -l - 5. What is the units digit of l?
0
Let q be -1*6/4*-18. Suppose 0 = 2*a - 8, -z - a = 3*a - q. What is the units digit of z?
1
Suppose -4*w = -9*w - 20. What is the units digit of (1 + 14)*(w - -5)?
5
Let p = 111 + -51. Suppose -z - p = -5*z. What is the units digit of z?
5
Suppose 2*g + g - 60 = 0. Suppose 0 = -0*n - n + g. Suppose -2*w - 3*w + n = m, 0 = -w - m. What is the units digit of w?
5
Suppose -78 = -2*x - 2*z, -5*x - z = z - 180. What is the tens digit of x?
3
Let p(b) = 3*b**2 + 3*b - 1. Let r be p(-3). Let x(n) = n - 12. Let c be x(0). Let v = r + c. What is the units digit of v?
5
Let j = 22 + -8. Suppose -u + 3*a + 8 = 1, -2*a - j = 4*u. What is the units digit of u + (-24)/(-6 + 3)?
6
Let i(f) = 5*f**3 + f**2 + 2*f + 1. Let o be i(2). Suppose 5*u - 11 = -l, -o = 5*l + u + 16. What is the units digit of 36/l*56/(-12)?
2
Suppose -2*b + 4 + 6 = 2*